e greatest common divisor of 18945204 and 228.
228
What is the highest common factor of 209872 and 67028?
52
What is the greatest common factor of 27499 and 206114?
257
Calculate the highest common divisor of 669 and 7539407.
223
What is the greatest common divisor of 1038 and 413988654?
1038
Calculate the highest common divisor of 2306253 and 6.
3
Calculate the greatest common divisor of 178181 and 736.
23
What is the highest common divisor of 2127 and 170481177?
2127
What is the greatest common divisor of 6930205 and 1085?
155
Calculate the greatest common factor of 1424 and 32720316.
356
Calculate the highest common divisor of 7399800 and 165.
15
What is the greatest common factor of 555 and 1017285?
15
What is the highest common divisor of 238 and 618124?
2
What is the highest common factor of 3725 and 3053755?
745
What is the greatest common divisor of 993 and 61375675?
331
What is the greatest common divisor of 114 and 315936?
6
What is the greatest common divisor of 22498 and 12873677?
1607
What is the highest common divisor of 117 and 58076577?
117
Calculate the highest common divisor of 3531 and 5360379.
321
What is the greatest common divisor of 21630 and 10268070?
3090
What is the greatest common divisor of 2486957516 and 436?
436
Calculate the greatest common divisor of 21701849 and 1.
1
Calculate the greatest common factor of 214316 and 86984.
524
What is the greatest common factor of 1222787 and 64083?
521
Calculate the greatest common divisor of 8197615 and 15.
5
Calculate the highest common factor of 15549 and 957906.
219
Calculate the greatest common divisor of 23058162 and 108.
54
Calculate the highest common divisor of 149217971 and 49.
7
What is the greatest common divisor of 170 and 99391010?
170
What is the greatest common divisor of 2906360 and 14125?
565
Calculate the highest common factor of 2540755 and 61815.
1585
Calculate the greatest common divisor of 7959385 and 1330.
665
What is the highest common factor of 193765446 and 27?
27
Calculate the highest common divisor of 284466 and 26943.
21
What is the highest common divisor of 577562 and 114?
38
What is the highest common factor of 11501 and 694883?
371
Calculate the highest common divisor of 1028 and 6897623.
257
What is the greatest common factor of 10140 and 16908788?
676
What is the highest common divisor of 108 and 19353636?
36
What is the highest common factor of 25921968 and 96?
48
What is the highest common divisor of 264 and 5213868?
132
What is the highest common factor of 3976 and 10227?
7
What is the greatest common factor of 27360 and 2320736?
608
What is the greatest common factor of 196 and 93572?
4
Calculate the greatest common factor of 137083657 and 1.
1
Calculate the greatest common factor of 81 and 28438668.
27
Calculate the highest common factor of 1988 and 504668.
284
What is the greatest common factor of 16 and 5307124?
4
What is the highest common divisor of 460 and 2112090?
230
What is the highest common divisor of 16414893 and 649?
11
What is the greatest common factor of 13028422 and 3556?
254
Calculate the greatest common factor of 1765 and 74422284.
353
What is the greatest common divisor of 351437940 and 5469?
5469
What is the highest common divisor of 140 and 389530540?
140
What is the highest common divisor of 206225673 and 761?
761
Calculate the greatest common divisor of 355 and 11980.
5
What is the greatest common factor of 20 and 24531350?
10
Calculate the greatest common factor of 11 and 280571038.
11
What is the highest common factor of 7200086 and 2264?
566
Calculate the greatest common factor of 343752 and 222816.
24
What is the highest common factor of 1 and 93612646?
1
Calculate the greatest common factor of 60895058 and 406.
14
Calculate the greatest common divisor of 37395 and 24666573.
831
Calculate the greatest common factor of 38271400 and 65.
5
What is the greatest common factor of 19080 and 6135?
15
What is the highest common factor of 12964 and 1326032?
1852
Calculate the greatest common factor of 23 and 3527943.
1
What is the greatest common factor of 64040584 and 16?
8
What is the highest common divisor of 10020841 and 2229?
743
Calculate the greatest common factor of 186372 and 5165964.
1116
What is the greatest common factor of 1275 and 72035?
5
What is the highest common divisor of 515854027 and 1703?
1703
Calculate the highest common divisor of 4920189764 and 551.
551
Calculate the highest common divisor of 1115530 and 2340.
130
What is the highest common factor of 54150678 and 2244?
102
What is the greatest common factor of 23312 and 447392?
496
Calculate the highest common divisor of 29 and 57268620.
29
Calculate the highest common factor of 11661 and 84546137.
3887
What is the greatest common factor of 98116 and 4270628?
5164
Calculate the greatest common factor of 5515104 and 116.
116
What is the greatest common divisor of 2956912 and 102816?
1904
Calculate the highest common divisor of 8658 and 88874.
74
Calculate the greatest common factor of 28925 and 1485575.
325
Calculate the highest common divisor of 6120 and 61795170.
1530
What is the greatest common divisor of 62797 and 372617?
7
Calculate the greatest common factor of 1443 and 9695998.
481
Calculate the highest common divisor of 5 and 9715720.
5
What is the greatest common factor of 463356 and 30?
6
Calculate the highest common factor of 85 and 22301093.
17
Calculate the highest common divisor of 134568 and 6141.
267
What is the greatest common divisor of 9600876 and 2460?
12
What is the greatest common factor of 30 and 2978665?
5
Calculate the greatest common divisor of 464373 and 1596699.
351
What is the highest common factor of 266 and 698922?
14
Calculate the highest common factor of 1272025 and 3995.
85
Calculate the greatest common factor of 119 and 65281819.
17
What is the greatest common factor of 14479 and 76?
1
What is the greatest common divisor of 1682 and 369311694?
1682
What is the highest common factor of 950516 and 53452?
2324
Calculate the greatest common factor of 484 and 350801.
11
What is the highest common divisor of 544 and 15258928?
272
Calculate the highest common factor of 5866 and 663696.
838
Calculate the greatest common divisor of 104 and 14999452.
52
Calculate the greatest common factor of 1456 and 1710352.
112
Calculate the highest common factor of 243295 and 41249.
247
What is the highest common divisor of 7730718 and 6319?
89
What is the highest common factor of 6657941 and 9189?
1021
What is the greatest common divisor of 256084 and 2628?
292
Calculate the greatest common factor of 6255 and 23840307.
1251
What is the greatest common factor of 27 and 48281238?
27
Calculate the greatest common factor of 10 and 72406538.
2
What is the highest common factor of 472 and 32762110?
118
Calculate the greatest common factor of 112 and 1557668.
28
Calculate the highest common divisor of 34097156 and 87.
29
What is the greatest common factor of 38884 and 32?
4
What is the greatest common factor of 58 and 51604543?
29
Calculate the greatest common factor of 2625 and 282709875.
2625
Calculate the highest common factor of 225 and 192021750.
225
What is the greatest common factor of 4316 and 10957245?
1079
Calculate the highest common divisor of 398910236 and 476.
68
Calculate the highest common divisor of 62348 and 209872.
52
Calculate the highest common divisor of 63 and 53677629.
9
What is the greatest common factor of 74957 and 1264492?
3259
What is the greatest common divisor of 1386 and 7342272?
126
Calculate the highest common factor of 359 and 30280573.
359
Calculate the highest common factor of 203 and 6689459.
203
What is the greatest common divisor of 1 and 2809709?
1
What is the highest common divisor of 479071 and 37591784?
10193
Calculate the greatest common divisor of 1248 and 8077212.
156
Calculate the greatest common divisor of 2420 and 5347100.
220
Calculate the greatest common divisor of 66487 and 8275676.
3911
Calculate the highest common divisor of 1538722 and 11658.
134
What is the greatest common factor of 93464 and 13916?
28
Calculate the highest common divisor of 269292300 and 25.
25
Calculate the greatest common divisor of 340626676 and 39.
13
What is the highest common divisor of 60 and 1790830?
10
